{"id":1188,"date":"2015-03-01T19:33:12","date_gmt":"2015-03-01T19:33:12","guid":{"rendered":"http:\/\/www.shaggybears.de\/?page_id=1188"},"modified":"2022-10-24T17:51:16","modified_gmt":"2022-10-24T17:51:16","slug":"geplante-wuerfe","status":"publish","type":"page","link":"http:\/\/www.shaggybears.de\/?page_id=1188","title":{"rendered":"Wurf Puzzle 13.09.21"},"content":{"rendered":"<p><strong>Wir haben Babys von<br \/><\/strong><\/p>\n<p>Mutter: Simbasas Puzzle| black-tabby-classic<\/p>\n<p>Vater: Shaggy-bear`s Wall-E | blue smoke<\/p>\n<p>Geburtstag: 13.09.2022<\/p>\n<p>Larry Schuba| Kater | frei |black-silver-tabby-classic<br \/>Lila Launeb\u00e4r| Kater | frei |black-tabby-classic<br \/>La le lu| M\u00e4dchen | frei |black-tabby-classic<br \/>Lala Berlin| M\u00e4dchen | frei |black-tabby-classic<\/p>\n<p>\u00a0<\/p>\n\n\n<figure class=\"is-layout-flex wp-block-gallery-1 wp-block-gallery has-nested-images columns-2 is-cropped\">\n<figure class=\"wp-block-image size-medium\"><a href=\"http:\/\/www.shaggybears.de\/wp-content\/uploads\/2022\/10\/IMG-20221024-WA0029.jpg\"><img decoding=\"async\" loading=\"lazy\" width=\"169\" height=\"300\" data-id=\"2059\"  src=\"http:\/\/www.shaggybears.de\/wp-content\/uploads\/2022\/10\/IMG-20221024-WA0029-169x300.jpg\" alt=\"\" class=\"wp-image-2059\" srcset=\"http:\/\/www.shaggybears.de\/wp-content\/uploads\/2022\/10\/IMG-20221024-WA0029-169x300.jpg 169w, http:\/\/www.shaggybears.de\/wp-content\/uploads\/2022\/10\/IMG-20221024-WA0029-56x100.jpg 56w, http:\/\/www.shaggybears.de\/wp-content\/uploads\/2022\/10\/IMG-20221024-WA0029-768x1365.jpg 768w, http:\/\/www.shaggybears.de\/wp-content\/uploads\/2022\/10\/IMG-20221024-WA0029-864x1536.jpg 864w, http:\/\/www.shaggybears.de\/wp-content\/uploads\/2022\/10\/IMG-20221024-WA0029.jpg 1125w\" sizes=\"(max-width: 169px) 100vw, 169px\" \/><\/a><\/figure>\n\n\n\n<figure class=\"wp-block-image size-medium\"><a href=\"http:\/\/www.shaggybears.de\/wp-content\/uploads\/2022\/10\/IMG-20221024-WA0030.jpg\"><img decoding=\"async\" loading=\"lazy\" width=\"169\" height=\"300\" data-id=\"2060\"  src=\"http:\/\/www.shaggybears.de\/wp-content\/uploads\/2022\/10\/IMG-20221024-WA0030-169x300.jpg\" alt=\"\" class=\"wp-image-2060\" srcset=\"http:\/\/www.shaggybears.de\/wp-content\/uploads\/2022\/10\/IMG-20221024-WA0030-169x300.jpg 169w, http:\/\/www.shaggybears.de\/wp-content\/uploads\/2022\/10\/IMG-20221024-WA0030-56x100.jpg 56w, http:\/\/www.shaggybears.de\/wp-content\/uploads\/2022\/10\/IMG-20221024-WA0030-768x1365.jpg 768w, http:\/\/www.shaggybears.de\/wp-content\/uploads\/2022\/10\/IMG-20221024-WA0030-864x1536.jpg 864w, http:\/\/www.shaggybears.de\/wp-content\/uploads\/2022\/10\/IMG-20221024-WA0030.jpg 1125w\" sizes=\"(max-width: 169px) 100vw, 169px\" \/><\/a><\/figure>\n\n\n\n<figure class=\"wp-block-image size-medium\"><a href=\"http:\/\/www.shaggybears.de\/wp-content\/uploads\/2022\/10\/IMG-20221024-WA0031.jpg\"><img decoding=\"async\" loading=\"lazy\" width=\"300\" height=\"169\" data-id=\"2064\"  src=\"http:\/\/www.shaggybears.de\/wp-content\/uploads\/2022\/10\/IMG-20221024-WA0031-300x169.jpg\" alt=\"\" class=\"wp-image-2064\" srcset=\"http:\/\/www.shaggybears.de\/wp-content\/uploads\/2022\/10\/IMG-20221024-WA0031-300x169.jpg 300w, http:\/\/www.shaggybears.de\/wp-content\/uploads\/2022\/10\/IMG-20221024-WA0031-100x56.jpg 100w, http:\/\/www.shaggybears.de\/wp-content\/uploads\/2022\/10\/IMG-20221024-WA0031-768x432.jpg 768w, http:\/\/www.shaggybears.de\/wp-content\/uploads\/2022\/10\/IMG-20221024-WA0031-1536x864.jpg 1536w, http:\/\/www.shaggybears.de\/wp-content\/uploads\/2022\/10\/IMG-20221024-WA0031-533x300.jpg 533w, http:\/\/www.shaggybears.de\/wp-content\/uploads\/2022\/10\/IMG-20221024-WA0031.jpg 2000w\" sizes=\"(max-width: 300px) 100vw, 300px\" \/><\/a><\/figure>\n\n\n\n<figure class=\"wp-block-image size-medium\"><a href=\"http:\/\/www.shaggybears.de\/wp-content\/uploads\/2022\/10\/IMG-20221024-WA0032.jpg\"><img decoding=\"async\" loading=\"lazy\" width=\"300\" height=\"169\" data-id=\"2063\"  src=\"http:\/\/www.shaggybears.de\/wp-content\/uploads\/2022\/10\/IMG-20221024-WA0032-300x169.jpg\" alt=\"\" class=\"wp-image-2063\" srcset=\"http:\/\/www.shaggybears.de\/wp-content\/uploads\/2022\/10\/IMG-20221024-WA0032-300x169.jpg 300w, http:\/\/www.shaggybears.de\/wp-content\/uploads\/2022\/10\/IMG-20221024-WA0032-100x56.jpg 100w, http:\/\/www.shaggybears.de\/wp-content\/uploads\/2022\/10\/IMG-20221024-WA0032-768x432.jpg 768w, http:\/\/www.shaggybears.de\/wp-content\/uploads\/2022\/10\/IMG-20221024-WA0032-1536x864.jpg 1536w, http:\/\/www.shaggybears.de\/wp-content\/uploads\/2022\/10\/IMG-20221024-WA0032-533x300.jpg 533w, http:\/\/www.shaggybears.de\/wp-content\/uploads\/2022\/10\/IMG-20221024-WA0032.jpg 2000w\" sizes=\"(max-width: 300px) 100vw, 300px\" \/><\/a><\/figure>\n\n\n\n<figure class=\"wp-block-image size-medium\"><a href=\"http:\/\/www.shaggybears.de\/wp-content\/uploads\/2022\/10\/IMG-20221024-WA0033.jpg\"><img decoding=\"async\" loading=\"lazy\" width=\"300\" height=\"169\" data-id=\"2061\"  src=\"http:\/\/www.shaggybears.de\/wp-content\/uploads\/2022\/10\/IMG-20221024-WA0033-300x169.jpg\" alt=\"\" class=\"wp-image-2061\" srcset=\"http:\/\/www.shaggybears.de\/wp-content\/uploads\/2022\/10\/IMG-20221024-WA0033-300x169.jpg 300w, http:\/\/www.shaggybears.de\/wp-content\/uploads\/2022\/10\/IMG-20221024-WA0033-100x56.jpg 100w, http:\/\/www.shaggybears.de\/wp-content\/uploads\/2022\/10\/IMG-20221024-WA0033-768x432.jpg 768w, http:\/\/www.shaggybears.de\/wp-content\/uploads\/2022\/10\/IMG-20221024-WA0033-1536x864.jpg 1536w, http:\/\/www.shaggybears.de\/wp-content\/uploads\/2022\/10\/IMG-20221024-WA0033-533x300.jpg 533w, http:\/\/www.shaggybears.de\/wp-content\/uploads\/2022\/10\/IMG-20221024-WA0033.jpg 2000w\" sizes=\"(max-width: 300px) 100vw, 300px\" \/><\/a><\/figure>\n\n\n\n<figure class=\"wp-block-image size-medium\"><a href=\"http:\/\/www.shaggybears.de\/wp-content\/uploads\/2022\/10\/IMG-20221024-WA0034.jpg\"><img decoding=\"async\" loading=\"lazy\" width=\"169\" height=\"300\" data-id=\"2062\"  src=\"http:\/\/www.shaggybears.de\/wp-content\/uploads\/2022\/10\/IMG-20221024-WA0034-169x300.jpg\" alt=\"\" class=\"wp-image-2062\" srcset=\"http:\/\/www.shaggybears.de\/wp-content\/uploads\/2022\/10\/IMG-20221024-WA0034-169x300.jpg 169w, http:\/\/www.shaggybears.de\/wp-content\/uploads\/2022\/10\/IMG-20221024-WA0034-56x100.jpg 56w, http:\/\/www.shaggybears.de\/wp-content\/uploads\/2022\/10\/IMG-20221024-WA0034-768x1365.jpg 768w, http:\/\/www.shaggybears.de\/wp-content\/uploads\/2022\/10\/IMG-20221024-WA0034-864x1536.jpg 864w, http:\/\/www.shaggybears.de\/wp-content\/uploads\/2022\/10\/IMG-20221024-WA0034.jpg 1125w\" sizes=\"(max-width: 169px) 100vw, 169px\" \/><\/a><\/figure>\n\n\n\n<figure class=\"wp-block-image size-medium\"><a href=\"http:\/\/www.shaggybears.de\/wp-content\/uploads\/2022\/10\/IMG-20221024-WA0035.jpg\"><img decoding=\"async\" loading=\"lazy\" width=\"169\" height=\"300\" data-id=\"2065\"  src=\"http:\/\/www.shaggybears.de\/wp-content\/uploads\/2022\/10\/IMG-20221024-WA0035-169x300.jpg\" alt=\"\" class=\"wp-image-2065\" srcset=\"http:\/\/www.shaggybears.de\/wp-content\/uploads\/2022\/10\/IMG-20221024-WA0035-169x300.jpg 169w, http:\/\/www.shaggybears.de\/wp-content\/uploads\/2022\/10\/IMG-20221024-WA0035-56x100.jpg 56w, http:\/\/www.shaggybears.de\/wp-content\/uploads\/2022\/10\/IMG-20221024-WA0035-768x1365.jpg 768w, http:\/\/www.shaggybears.de\/wp-content\/uploads\/2022\/10\/IMG-20221024-WA0035-864x1536.jpg 864w, http:\/\/www.shaggybears.de\/wp-content\/uploads\/2022\/10\/IMG-20221024-WA0035.jpg 1125w\" sizes=\"(max-width: 169px) 100vw, 169px\" \/><\/a><\/figure>\n\n\n\n<figure class=\"wp-block-image size-medium\"><a href=\"http:\/\/www.shaggybears.de\/wp-content\/uploads\/2022\/10\/IMG-20221024-WA0037.jpg\"><img decoding=\"async\" loading=\"lazy\" width=\"300\" height=\"169\" data-id=\"2067\"  src=\"http:\/\/www.shaggybears.de\/wp-content\/uploads\/2022\/10\/IMG-20221024-WA0037-300x169.jpg\" alt=\"\" class=\"wp-image-2067\" srcset=\"http:\/\/www.shaggybears.de\/wp-content\/uploads\/2022\/10\/IMG-20221024-WA0037-300x169.jpg 300w, http:\/\/www.shaggybears.de\/wp-content\/uploads\/2022\/10\/IMG-20221024-WA0037-100x56.jpg 100w, http:\/\/www.shaggybears.de\/wp-content\/uploads\/2022\/10\/IMG-20221024-WA0037-768x432.jpg 768w, http:\/\/www.shaggybears.de\/wp-content\/uploads\/2022\/10\/IMG-20221024-WA0037-1536x864.jpg 1536w, http:\/\/www.shaggybears.de\/wp-content\/uploads\/2022\/10\/IMG-20221024-WA0037-533x300.jpg 533w, http:\/\/www.shaggybears.de\/wp-content\/uploads\/2022\/10\/IMG-20221024-WA0037.jpg 2000w\" sizes=\"(max-width: 300px) 100vw, 300px\" \/><\/a><\/figure>\n\n\n\n<figure class=\"wp-block-image size-medium\"><a href=\"http:\/\/www.shaggybears.de\/wp-content\/uploads\/2022\/10\/IMG-20221024-WA0038.jpg\"><img decoding=\"async\" loading=\"lazy\" width=\"300\" height=\"169\" data-id=\"2068\"  src=\"http:\/\/www.shaggybears.de\/wp-content\/uploads\/2022\/10\/IMG-20221024-WA0038-300x169.jpg\" alt=\"\" class=\"wp-image-2068\" srcset=\"http:\/\/www.shaggybears.de\/wp-content\/uploads\/2022\/10\/IMG-20221024-WA0038-300x169.jpg 300w, http:\/\/www.shaggybears.de\/wp-content\/uploads\/2022\/10\/IMG-20221024-WA0038-100x56.jpg 100w, http:\/\/www.shaggybears.de\/wp-content\/uploads\/2022\/10\/IMG-20221024-WA0038-768x432.jpg 768w, http:\/\/www.shaggybears.de\/wp-content\/uploads\/2022\/10\/IMG-20221024-WA0038-1536x864.jpg 1536w, http:\/\/www.shaggybears.de\/wp-content\/uploads\/2022\/10\/IMG-20221024-WA0038-533x300.jpg 533w, http:\/\/www.shaggybears.de\/wp-content\/uploads\/2022\/10\/IMG-20221024-WA0038.jpg 2000w\" sizes=\"(max-width: 300px) 100vw, 300px\" \/><\/a><\/figure>\n<\/figure>\n\n\n\n<p class=\"has-pale-pink-color has-text-color\"><strong>Ihr habt rein informative Fragen? Wir haben f\u00fcr euch die h\u00e4ufigsten Fragen zusammengestellt! <\/strong><em><strong><a href=\"http:\/\/www.shaggybears.de\/?page_id=1695\">H\u00e4ufig gestellte Fragen&#8230;<\/a><\/strong><\/em><\/p>\n\n\n\n<p>Der Titel &#8222;reserviert&#8220; bedeutet lediglich, dass Interesse f\u00fcr dieses Baby vorhanden ist. Es wurde jedoch kein Kaufvertrag unterschrieben. Wir nehmen somit nat\u00fcrlich gerne weiter Anfrage mit an.<\/p>\n\n\n\n<p>Unsere Babys sind mit 13 Wochen abgabebereit und sind dann zwei mal geimpft und mehrfach entwurmt. Auf Wunsch werden Sie auch gleich gechipt.<\/p>\n\n\n\n<p>Die&nbsp;Stammb\u00e4ume der Eltern gibt es auf Anfrage f\u00fcr Z\u00fcchter.<\/p>\n","protected":false},"excerpt":{"rendered":"<p>Wir haben Babys von Mutter: Simbasas Puzzle| black-tabby-classic Vater: Shaggy-bear`s Wall-E | blue smoke Geburtstag: 13.09.2022 Larry Schuba| Kater | frei |black-silver-tabby-classicLila Launeb\u00e4r| Kater | frei |black-tabby-classicLa le lu| M\u00e4dchen | frei |black-tabby-classicLala Berlin| M\u00e4dchen | frei |black-tabby-classic \u00a0 Ihr habt rein informative Fragen? Wir haben f\u00fcr euch die h\u00e4ufigsten Fragen zusammengestellt! H\u00e4ufig gestellte Fragen&#8230;&hellip; <a class=\"more-link\" href=\"http:\/\/www.shaggybears.de\/?page_id=1188\">Read More <span class=\"screen-reader-text\">Wurf Puzzle 13.09.21<\/span><\/a><\/p>\n","protected":false},"author":1,"featured_media":0,"parent":24,"menu_order":0,"comment_status":"closed","ping_status":"open","template":"","meta":[],"_links":{"self":[{"href":"http:\/\/www.shaggybears.de\/index.php?rest_route=\/wp\/v2\/pages\/1188"}],"collection":[{"href":"http:\/\/www.shaggybears.de\/index.php?rest_route=\/wp\/v2\/pages"}],"about":[{"href":"http:\/\/www.shaggybears.de\/index.php?rest_route=\/wp\/v2\/types\/page"}],"author":[{"embeddable":true,"href":"http:\/\/www.shaggybears.de\/index.php?rest_route=\/wp\/v2\/users\/1"}],"replies":[{"embeddable":true,"href":"http:\/\/www.shaggybears.de\/index.php?rest_route=%2Fwp%2Fv2%2Fcomments&post=1188"}],"version-history":[{"count":68,"href":"http:\/\/www.shaggybears.de\/index.php?rest_route=\/wp\/v2\/pages\/1188\/revisions"}],"predecessor-version":[{"id":2072,"href":"http:\/\/www.shaggybears.de\/index.php?rest_route=\/wp\/v2\/pages\/1188\/revisions\/2072"}],"up":[{"embeddable":true,"href":"http:\/\/www.shaggybears.de\/index.php?rest_route=\/wp\/v2\/pages\/24"}],"wp:attachment":[{"href":"http:\/\/www.shaggybears.de\/index.php?rest_route=%2Fwp%2Fv2%2Fmedia&parent=1188"}],"curies":[{"name":"wp","href":"https:\/\/api.w.org\/{rel}","templated":true}]}}