{"id":518,"date":"2012-04-03T21:18:27","date_gmt":"2012-04-03T21:18:27","guid":{"rendered":"http:\/\/www.shaggybears.de\/?page_id=518"},"modified":"2016-03-15T21:23:18","modified_gmt":"2016-03-15T21:23:18","slug":"legenden","status":"publish","type":"page","link":"http:\/\/www.shaggybears.de\/?page_id=518","title":{"rendered":"Legenden"},"content":{"rendered":"<h3 style=\"text-align: left;\"><strong>treue Gef\u00e4hrten &#8211; ihr bleibt alle unvergessen<\/strong><\/h3>\n<p><strong><a href=\"http:\/\/www.shaggybears.de\/?attachment_id=520\" rel=\"attachment wp-att-520\"><img decoding=\"async\" loading=\"lazy\" class=\"alignleft size-medium wp-image-520\" style=\"border: 1px solid black;\" title=\"Prinzii\" src=\"http:\/\/www.shaggybears.de\/wp-content\/uploads\/2012\/04\/04downloadAttachment.htm-300x199.jpg\" alt=\"\" width=\"300\" height=\"199\" srcset=\"http:\/\/www.shaggybears.de\/wp-content\/uploads\/2012\/04\/04downloadAttachment.htm-300x199.jpg 300w, http:\/\/www.shaggybears.de\/wp-content\/uploads\/2012\/04\/04downloadAttachment.htm-150x99.jpg 150w, http:\/\/www.shaggybears.de\/wp-content\/uploads\/2012\/04\/04downloadAttachment.htm-100x66.jpg 100w, http:\/\/www.shaggybears.de\/wp-content\/uploads\/2012\/04\/04downloadAttachment.htm.jpg 1002w\" sizes=\"(max-width: 300px) 100vw, 300px\" \/><\/a>&#8222;Arrowcat&#8217;s Incognito&#8220;<\/strong><\/p>\n<p>25.05.2002 &#8211; 19.03.2012<\/p>\n<p>Sie kam &#8211; sah &#8211; und siegte! Eine befreundete Siamesen Z\u00fcchterin bat uns damals einen Wurf von ihr aufzunehmen, was wir taten ohne zu wissen was uns erwartet. In dem Gewusel dieser kleinen drahtigen Schreih\u00e4lse war sie&#8230; Prinzi&#8230; eine waschechte Prinzessin. Sie w\u00fcnschte sich einen Platz bei uns und es war klar, dass sie bleiben wird. So lebte sie nun als kleiner &#8222;Hausgeist&#8220; in unserer Coonietruppe, der sich trotz mangelnder Gr\u00f6\u00dfe, im Vergleich zu den Coonies, bestens behauptete und die Riesen mit ihrem siamesischem Temperament gut im Griff hatte!<\/p>\n<p>Viel zu fr\u00fch musstest du von uns gehen &#8211; wir hoffen, dass es dir dort oben nun besser geht!<br \/>\nRuhe in Frieden kleine Prinzessin du lebst in unseren Herzen weiter!<\/p>\n<p>&nbsp;<\/p>\n<p><a href=\"http:\/\/www.shaggybears.de\/?attachment_id=806\" rel=\"attachment wp-att-806\"><img decoding=\"async\" loading=\"lazy\" class=\"alignleft size-medium wp-image-806\" style=\"border: 2px solid black;\" title=\"IMG-20130303-WA0003\" src=\"http:\/\/www.shaggybears.de\/wp-content\/uploads\/2012\/04\/IMG-20130303-WA0003-199x300.jpg\" alt=\"\" width=\"199\" height=\"300\" srcset=\"http:\/\/www.shaggybears.de\/wp-content\/uploads\/2012\/04\/IMG-20130303-WA0003-199x300.jpg 199w, http:\/\/www.shaggybears.de\/wp-content\/uploads\/2012\/04\/IMG-20130303-WA0003-99x150.jpg 99w, http:\/\/www.shaggybears.de\/wp-content\/uploads\/2012\/04\/IMG-20130303-WA0003-66x100.jpg 66w, http:\/\/www.shaggybears.de\/wp-content\/uploads\/2012\/04\/IMG-20130303-WA0003.jpg 533w\" sizes=\"(max-width: 199px) 100vw, 199px\" \/><\/a><\/p>\n<p>&nbsp;<\/p>\n<p><strong>&#8222;Shaggy-Bear&#8217;s Pinochio&#8220;<\/strong><\/p>\n<p>20.09.2008 &#8211; 31.01.2014<\/p>\n<p>Unser &#8222;Hutzi&#8220; war nicht immer so gro\u00df und kr\u00e4ftig wie heute&#8230; Er war anfangs der Kleinste eines 7er Wurf, weshalb uns nichts anderes \u00fcbrig blieb als ihn mit der Flasche gro\u00df zu ziehen. Er entwickelte sich nach vielen Auf und Ab&#8217;s dennoch zu einem frechen Buben und zeigt sich heute als stattlicher Schmuseb\u00e4r &#8211; \u00a0einem wahren &#8222;Shaggy-Bear&#8220;. Die Liebe, Geduld und schlaflosen N\u00e4chte, die wir ihm damals im \u00dcberschuss\u00a0gaben, gibt er uns nun heute t\u00e4glich, doppelt und dreifach wieder u.a. durch liebevolles knabbern an den Fingern oder aufdringlichen Kuschelattacken. Er schenkte uns zwei wundervolle W\u00fcrfe.<\/p>\n<p>Man kann leider nicht jeden Kampf gewinnen, und so verloren wir auch deinen. Es ist so verdammt leer ohne dich &#8211; du fehlst von Sekunde zu Sekunde immer mehr.<\/p>\n<p>&nbsp;<\/p>\n<div class=\"aboveUnitContent\">\n<div class=\"userContentWrapper\">\n<div class=\"_wk\">\n<div id=\"id_548b39bbdf4e67d66175589\" class=\"text_exposed_root text_exposed\"><a href=\"http:\/\/www.shaggybears.de\/wp-content\/uploads\/2011\/11\/p\u00fcppi.jpg\"><img decoding=\"async\" loading=\"lazy\" class=\"alignleft size-medium wp-image-312\" src=\"http:\/\/www.shaggybears.de\/wp-content\/uploads\/2011\/11\/p\u00fcppi-200x300.jpg\" alt=\"P\u00fcppi\" width=\"200\" height=\"300\" srcset=\"http:\/\/www.shaggybears.de\/wp-content\/uploads\/2011\/11\/p\u00fcppi-200x300.jpg 200w, http:\/\/www.shaggybears.de\/wp-content\/uploads\/2011\/11\/p\u00fcppi-66x100.jpg 66w, http:\/\/www.shaggybears.de\/wp-content\/uploads\/2011\/11\/p\u00fcppi-100x150.jpg 100w, http:\/\/www.shaggybears.de\/wp-content\/uploads\/2011\/11\/p\u00fcppi.jpg 600w\" sizes=\"(max-width: 200px) 100vw, 200px\" \/><\/a><\/div>\n<div class=\"text_exposed_root text_exposed\"><strong>\u201cChinchosa\u2019s Admiral Ashford E\u201d<\/strong><\/div>\n<div class=\"text_exposed_root text_exposed\"><\/div>\n<div class=\"text_exposed_root text_exposed\">20.07.1997 &#8211; 04.12.2014<\/div>\n<div class=\"text_exposed_root text_exposed\"><\/div>\n<div class=\"text_exposed_root text_exposed\">Jede Reise hat irgendwann ein Ende, und so endete auch unsere Reise mit unserem geliebten P\u00fcppi am 04.12.14. 17 1\/2 Jahre hast du uns begleitet und hast damals in uns die Leidenschaft f\u00fcr die Coonies entfacht. Mit dir begann die Zucht der<span class=\"text_exposed_show\"> Shaggy-Bear&#8217;s. Du warst einer der besondersten Seelen in unserer Coonietruppe und beeindrucktest stets mit deiner enormen Ausstrahlung. Umso schwerer f\u00e4llt der Abschied nun von einem treuen Weggef\u00e4hrten, der unser Haus immer mit Leben erf\u00fcllte. Die einzige Genugtuung ist, dass du seelenruhig Zuhause auf der Couch eingeschlafen bist, gemeinsam mit uns.<br \/>\nDu wirst immer in unseren Herzen verweilen!<br \/>\nRuhe in Frieden\u00a0<\/span><\/div>\n<\/div>\n<\/div>\n<\/div>\n<div class=\"letterboxedImage photoWrap\"><\/div>\n<p>&nbsp;<\/p>\n<p>Wir hoffen, dass es dir nun besser geht da oben und du endlich deinen Frieden finden kannst. Wir vermissen dich!<\/p>\n<p>&nbsp;<\/p>\n<p>&nbsp;<\/p>\n<div style=\"text-align: center;\" align=\"center\"><strong><em>Und immer sind irgendwo Spuren deines Lebens:<\/em><\/strong><br \/>\n<strong> <em> Gedanken, Bilder, Augenblicke und Gef\u00fchle. <\/em><\/strong><br \/>\n<strong> <em> Sie werden uns immer an dich erinnern und dich dadurch nie vergessen lassen.<\/em><\/strong><\/div>\n<div style=\"text-align: center;\" align=\"center\"><\/div>\n<div style=\"text-align: center;\" align=\"center\"><\/div>\n<div style=\"text-align: center;\" align=\"center\"><strong><em>Ich zieh meine wertvollste Spieluhr auf, <\/em><\/strong><br \/>\n<strong> <em> die die Stimme deines Herzen f\u00fcr ewig festh\u00e4lt,<\/em><\/strong><br \/>\n<strong> <em> sie f\u00e4ngt an zu spielen und <\/em><\/strong><br \/>\n<strong> <em> es ist der wundervollste Klang der Welt..<\/em><\/strong><\/div>\n<p>&nbsp;<\/p>\n","protected":false},"excerpt":{"rendered":"<p>treue Gef\u00e4hrten &#8211; ihr bleibt alle unvergessen &#8222;Arrowcat&#8217;s Incognito&#8220; 25.05.2002 &#8211; 19.03.2012 Sie kam &#8211; sah &#8211; und siegte! Eine befreundete Siamesen Z\u00fcchterin bat uns damals einen Wurf von ihr aufzunehmen, was wir taten ohne zu wissen was uns erwartet. In dem Gewusel dieser kleinen drahtigen Schreih\u00e4lse war sie&#8230; Prinzi&#8230; eine waschechte Prinzessin. Sie w\u00fcnschte&hellip; <a class=\"more-link\" href=\"http:\/\/www.shaggybears.de\/?page_id=518\">Read More <span class=\"screen-reader-text\">Legenden<\/span><\/a><\/p>\n","protected":false},"author":1,"featured_media":0,"parent":1339,"menu_order":10,"comment_status":"closed","ping_status":"open","template":"","meta":[],"_links":{"self":[{"href":"http:\/\/www.shaggybears.de\/index.php?rest_route=\/wp\/v2\/pages\/518"}],"collection":[{"href":"http:\/\/www.shaggybears.de\/index.php?rest_route=\/wp\/v2\/pages"}],"about":[{"href":"http:\/\/www.shaggybears.de\/index.php?rest_route=\/wp\/v2\/types\/page"}],"author":[{"embeddable":true,"href":"http:\/\/www.shaggybears.de\/index.php?rest_route=\/wp\/v2\/users\/1"}],"replies":[{"embeddable":true,"href":"http:\/\/www.shaggybears.de\/index.php?rest_route=%2Fwp%2Fv2%2Fcomments&post=518"}],"version-history":[{"count":17,"href":"http:\/\/www.shaggybears.de\/index.php?rest_route=\/wp\/v2\/pages\/518\/revisions"}],"predecessor-version":[{"id":1246,"href":"http:\/\/www.shaggybears.de\/index.php?rest_route=\/wp\/v2\/pages\/518\/revisions\/1246"}],"up":[{"embeddable":true,"href":"http:\/\/www.shaggybears.de\/index.php?rest_route=\/wp\/v2\/pages\/1339"}],"wp:attachment":[{"href":"http:\/\/www.shaggybears.de\/index.php?rest_route=%2Fwp%2Fv2%2Fmedia&parent=518"}],"curies":[{"name":"wp","href":"https:\/\/api.w.org\/{rel}","templated":true}]}}